{"id":147,"date":"2023-09-14T17:34:32","date_gmt":"2023-09-14T15:34:32","guid":{"rendered":"https:\/\/larchicarabus.com\/?page_id=147"},"modified":"2023-09-14T17:34:32","modified_gmt":"2023-09-14T15:34:32","slug":"concept","status":"publish","type":"page","link":"https:\/\/larchicarabus.com\/index.php\/concept\/","title":{"rendered":"CONCEPT"},"content":{"rendered":"\n<p class=\"has-custom-vert-color has-text-color\"><strong>Qui sommes-nous ?<\/strong><\/p>\n\n\n\n<p>Nous sommes une jeune association de professionnels de l\u2019Architecture et du b\u00e2timent (architectes, dessinateurs-trices, urbanistes,\u2026) en activit\u00e9, ayant \u00e0 c\u0153ur de partager leurs m\u00e9tiers et de se poser les bonnes questions face \u00e0 un secteur professionnel en plein bouleversement.<\/p>\n\n\n\n<p>Le secteur du b\u00e2timent repr\u00e9sente actuellement 43&nbsp;% des consommations \u00e9nerg\u00e9tiques annuelles fran\u00e7aises et g\u00e9n\u00e8re 23&nbsp;% des \u00e9missions de gaz \u00e0 effet de serre (GES) fran\u00e7ais. Des solutions existent, l\u2019Archicarabus se donne pour mission de les pr\u00e9senter au plus grand nombre et de d\u00e9velopper les consciences sur l\u2019impact que nous avons sur notre environnement en construisant. A l\u2019aune du changement climatique et des bouleversements qui s\u2019annoncent, les architectes ont pleinement leur r\u00f4le \u00e0 jouer dans la diminution de la consommation des ressources naturelles non renouvelables et dans la pr\u00e9servation du confort des usagers. L\u2019Architecture, et a fortiori l\u2019Architecture \u00e9cologique, se doivent d\u2019\u00eatre exemplaires.<\/p>\n\n\n\n<p>L\u2019association l\u2019Archicarabus est n\u00e9e en 2022 du constat d\u2019un manque de visibilit\u00e9 de la profession et de son r\u00f4le au quotidien aupr\u00e8s de chacun. Pourtant objet d\u2019int\u00e9r\u00eat public et premier Art majeur, l\u2019Architecture manque d\u2019ouverture au monde et souffre d\u2019un d\u00e9faut de communication sur sa pratique et sur son utilit\u00e9 dans la vie de tout citoyen. C\u2019est pourquoi il est urgent d\u2019ouvrir le dialogue, avec les plus jeunes mais \u00e9galement le Grand Public et les professionnels, et de sensibiliser sur le \u00ab&nbsp;construire autrement&nbsp;\u00bb et sur le r\u00f4le de l\u2019Architecte face \u00e0 ce nouveau d\u00e9fi.<\/p>\n","protected":false},"excerpt":{"rendered":"<p>Qui sommes-nous ? Nous sommes une jeune association de professionnels de l\u2019Architecture et du b\u00e2timent (architectes, dessinateurs-trices, urbanistes,\u2026) en activit\u00e9, ayant \u00e0 c\u0153ur de partager leurs m\u00e9tiers et de se [&hellip;]<\/p>\n","protected":false},"author":1,"featured_media":0,"parent":0,"menu_order":0,"comment_status":"closed","ping_status":"closed","template":"","meta":{"_EventAllDay":false,"_EventTimezone":"","_EventStartDate":"","_EventEndDate":"","_EventStartDateUTC":"","_EventEndDateUTC":"","_EventShowMap":false,"_EventShowMapLink":false,"_EventURL":"","_EventCost":"","_EventCostDescription":"","_EventCurrencySymbol":"","_EventCurrencyCode":"","_EventCurrencyPosition":"","_EventDateTimeSeparator":"","_EventTimeRangeSeparator":"","_EventOrganizerID":[],"_EventVenueID":[],"_OrganizerEmail":"","_OrganizerPhone":"","_OrganizerWebsite":"","_VenueAddress":"","_VenueCity":"","_VenueCountry":"","_VenueProvince":"","_VenueState":"","_VenueZip":"","_VenuePhone":"","_VenueURL":"","_VenueStateProvince":"","_VenueLat":"","_VenueLng":"","_VenueShowMap":false,"_VenueShowMapLink":false,"footnotes":""},"class_list":["post-147","page","type-page","status-publish","hentry"],"_links":{"self":[{"href":"https:\/\/larchicarabus.com\/index.php\/wp-json\/wp\/v2\/pages\/147","targetHints":{"allow":["GET"]}}],"collection":[{"href":"https:\/\/larchicarabus.com\/index.php\/wp-json\/wp\/v2\/pages"}],"about":[{"href":"https:\/\/larchicarabus.com\/index.php\/wp-json\/wp\/v2\/types\/page"}],"author":[{"embeddable":true,"href":"https:\/\/larchicarabus.com\/index.php\/wp-json\/wp\/v2\/users\/1"}],"replies":[{"embeddable":true,"href":"https:\/\/larchicarabus.com\/index.php\/wp-json\/wp\/v2\/comments?post=147"}],"version-history":[{"count":1,"href":"https:\/\/larchicarabus.com\/index.php\/wp-json\/wp\/v2\/pages\/147\/revisions"}],"predecessor-version":[{"id":148,"href":"https:\/\/larchicarabus.com\/index.php\/wp-json\/wp\/v2\/pages\/147\/revisions\/148"}],"wp:attachment":[{"href":"https:\/\/larchicarabus.com\/index.php\/wp-json\/wp\/v2\/media?parent=147"}],"curies":[{"name":"wp","href":"https:\/\/api.w.org\/{rel}","templated":true}]}}

<p class="has-custom-vert-color has-text-color"><strong>Qui sommes-nous ?</strong></p>



<p>Nous sommes une jeune association de professionnels de l’Architecture et du bâtiment (architectes, dessinateurs-trices, urbanistes,…) en activité, ayant à cœur de partager leurs métiers et de se poser les bonnes questions face à un secteur professionnel en plein bouleversement.</p>



<p>Le secteur du bâtiment représente actuellement 43&nbsp;% des consommations énergétiques annuelles françaises et génère 23&nbsp;% des émissions de gaz à effet de serre (GES) français. Des solutions existent, l’Archicarabus se donne pour mission de les présenter au plus grand nombre et de développer les consciences sur l’impact que nous avons sur notre environnement en construisant. A l’aune du changement climatique et des bouleversements qui s’annoncent, les architectes ont pleinement leur rôle à jouer dans la diminution de la consommation des ressources naturelles non renouvelables et dans la préservation du confort des usagers. L’Architecture, et a fortiori l’Architecture écologique, se doivent d’être exemplaires.</p>



<p>L’association l’Archicarabus est née en 2022 du constat d’un manque de visibilité de la profession et de son rôle au quotidien auprès de chacun. Pourtant objet d’intérêt public et premier Art majeur, l’Architecture manque d’ouverture au monde et souffre d’un défaut de communication sur sa pratique et sur son utilité dans la vie de tout citoyen. C’est pourquoi il est urgent d’ouvrir le dialogue, avec les plus jeunes mais également le Grand Public et les professionnels, et de sensibiliser sur le «&nbsp;construire autrement&nbsp;» et sur le rôle de l’Architecte face à ce nouveau défi.</p>

<p>Qui sommes-nous ? Nous sommes une jeune association de professionnels de l’Architecture et du bâtiment (architectes, dessinateurs-trices, urbanistes,…) en activité, ayant à cœur de partager leurs métiers et de se [&hellip;]</p>
